+ r - 43. Calculate the remainder when 56 is divided by d.
6
Let o = 264 + -249. Calculate the remainder when o is divided by 12/10*(-100)/(-15).
7
Let v(x) = 2*x**2 - 22 - x**2 - 2*x + 26*x + x + 0*x**2. Calculate the remainder when v(-33) is divided by 61.
59
Suppose 0 = 930*b - 924*b - 1776. Calculate the remainder when b is divided by 95.
11
Suppose 4*w + 3*f - 78 = 0, -6*w + 3*w + 62 = 4*f. Suppose 5*b - 17 = w. Let r = 882 + -877. Calculate the remainder when b is divided by r.
2
Let x(p) = -67*p + 13. Let f be x(-3). Let b = -72 + f. What is the remainder when b is divided by 37?
31
Suppose -13*w - 191 = -5*h, 35 = -6*w + w. What is the remainder when 367 is divided by h?
7
What is the remainder when 12039 is divided by ((-63)/(-6) + -8)*(-1 - (-9 + 4))?
9
Suppose 10 = -6*a + 22. Let b(c) = 19*c + 5. Calculate the remainder when b(a) is divided by 12.
7
What is the remainder when -1 - (-6)/(-2)*(-67494)/63 is divided by 1068?
9
Suppose 0 = -3*b - 5*f - 19, -6*b - f - 14 = -2*b. Calculate the remainder when 27 is divided by 2 + (720/54 - (-4)/b).
13
Calculate the remainder when 475 is divided by (-62 + -4)*(252/(-24) + 8).
145
Let u(c) = -3*c + 79. Let t be u(13). Suppose 419*b - t = 414*b. What is the remainder when b is divided by 1?
0
Suppose m - 7*w = 103 + 94, -4*w + 829 = 5*m. Let h(f) = -f**3 + 8*f**2 - 3*f + 1. What is the remainder when m is divided by h(7)?
24
Let d(g) = 5*g - 58. Suppose 0 = 4*l + 20 - 4, 340 = 2*m + 5*l. Suppose -m = -5*s - 5*s. Calculate the remainder when d(18) is divided by s.
14
Let q(d) = 48*d**3 - 2*d - 1. Let c be q(-1). Let a = -13 - c. Let i(w) = 135*w**3 - w**2 + 2*w - 2. What is the remainder when i(1) is divided by a?
32
Suppose -16*h = -19 - 9389. Calculate the remainder when h is divided by 193.
9
Suppose -674*n = -633*n - 1189. Calculate the remainder when 843 is divided by n.
2
Let b = -6 - -18. Let z(r) = 2*r - 40. Suppose -2*j - 5*a = -j - 54, -5*j = a - 174. Calculate the remainder when z(j) is divided by b.
4
Suppose 2*m - 3*m - 5*w + 41 = 0, 2*m + 4*w - 58 = 0. What is the remainder when (115 + m)*(-21)/(-6) is divided by 30?
26
Let a(b) be the second derivative of b**4/12 - 5*b**3/6 - b**2/2 - 53*b. What is the remainder when 188 is divided by a(10)?
41
Suppose 5*m - m - 357 = 5*b, 5*m + b = 468. Let r = 2343 + -2341. Suppose -m = r*u - 5*u. What is the remainder when u is divided by 5?
1
Suppose -1520 = 241*y - 257*y. What is the remainder when 1227 is divided by y?
87
Let s(q) = q**3 + 28*q**2 + 51*q - 22. Let m be s(-26). Suppose 35*z - 34*z + 3*t - 73 = 0, m*t = 5*z - 308. Calculate the remainder when z is divided by 22.
20
Let k = -548 + 539. Suppose 77 = 3*a - 151. Calculate the remainder when a is divided by 6/k + 1040/39.
24
Suppose -14 = -u + 124 + 41. Calculate the remainder when u is divided by 84.
11
Let b = 5654 + -5184. What is the remainder when b is divided by 75?
20
What is the remainder when 330 is divided by ((1 - -1)*-1)/2*(-57 + 44)?
5
Let i(d) = 2*d**2 - 84*d + 110. What is the remainder when 126 is divided by i(41)?
14
Suppose 3*l + 0*l - l - 46 = 0. What is the remainder when 363 is divided by l?
18
Suppose 0 = i + 2*b - 10 + 48, -2*b - 76 = 2*i. Suppose 3*g + 264 = 4*x + g, x - 3*g = 71. Let w = x + i. What is the remainder when w is divided by 6?
3
Let z(c) = c + 5. Let t = -19 - -19. Suppose 0*m + 3*m + 15 = t, 3*m = 4*a - 35. Calculate the remainder when z(4) is divided by a.
4
Suppose 0*x + 2*x = 0. Suppose -4*g = -x*g - 112. Let o(y) = -7*y**2 + 826*y - 2360. What is the remainder when o(115) is divided by g?
27
Let l(t) = -54*t - 152. Calculate the remainder when l(-8) is divided by 54.
10
Suppose -l - l + 268 = 4*b, -5*l = -20. Suppose -980 = 3*v + 1135. Let z = v + 727. Calculate the remainder when b is divided by z.
21
Suppose 61 = 2*y + 2*x - x, 3*x + 69 = 3*y. Calculate the remainder when (-107)/(-2) + 4/(-8) is divided by y.
25
Suppose -2*q - 3*m = -976, -68*q + 5*m + 1952 = -64*q. What is the remainder when q is divided by 49?
47
Calculate the remainder when 303 is divided by 1818/(-24)*(15/(-9) + -1).
101
Suppose 77*u - 72*u + 282 - 1977 = 0. Calculate the remainder when 1102 is divided by u.
85
Suppose 2*x - 20 = 3*t + t, 4*x + 3*t + 15 = 0. Suppose x = -f + 2*f - 34. Calculate the remainder when 8/12*297/108*72 is divided by f.
30
What is the remainder when 184/(((-27)/18)/(-3)) is divided by 62?
58
Suppose 2*y + 2*y = 1332. Suppose -4*b + 64 = -41*n + 45*n, b = 2. What is the remainder when y is divided by n?
11
Let y = 43 - 44. What is the remainder when ((-3)/(-6))/((-2)/(y - 467)) is divided by 6/(-12) - 41/(-2)?
17
What is the remainder when 383 is divided by 16/(-1) - (30 - 149)?
74
Let v = -83 + 96. Suppose 0 = 5*f - 71 - 309. What is the remainder when f is divided by v?
11
Let q(s) = 76*s**3 + 4*s**2 - 2*s + 7. What is the remainder when q(3) is divided by 17?
15
Let k(a) = a**3 + 37*a**2 + 13*a - 172. What is the remainder when k(-36) is divided by 66?
62
Calculate the remainder when -1 + (54 - (-2 - -1)) is divided by 22*3*(-5)/(-30).
10
Let p be (-11)/(11/(-12))*(-1 + 0). Let w = 31 + -10. What is the remainder when w is divided by (-36)/p*12/9?
1
Suppose 5*m + 836 = 24*m. Calculate the remainder when 715 is divided by m.
11
Suppose -5 = -5*j, -4*o + 3 = 3*j - 4*j. Calculate the remainder when (o + 1 - -5) + 208 is divided by 54.
53
Let l(x) = x**3 - 7*x**2 - 2*x + 33. Calculate the remainder when 725 is divided by l(0).
32
Let m = 106 + -216. Let a = 128 + m. What is the remainder when a is divided by 15?
3
Calculate the remainder when 2348 is divided by 7 - -5 - -3*4.
20
Let p be ((-4)/(-10))/(19/(-665)). Let q = -58 - -100. What is the remainder when p/6 + 3 - 3740/(-15) is divided by q?
40
Suppose -9 = 2*v - 1. Let c = 14 - v. Suppose -5*k + 5*l + 257 = -2*k, 5*k - 451 = -3*l. What is the remainder when k is divided by c?
17
Suppose 516*i - 4112 = 508*i. Let g = -400 + i. Calculate the remainder when g is divided by 34.
12
Let z(j) = j**3 + 5*j**2 + 19*j + 16. Let w be z(-6). Let o = 168 + w. What is the remainder when o is divided by 12?
10
Let v = -2219 - -2238. Let r be ((-3)/5)/((-1)/5). Calculate the remainder when (v/r)/((-3)/36*-2) is divided by 13.
12
Suppose -8025 + 2129 = -88*b. Calculate the remainder when 1942 is divided by b.
66
Suppose -2060*h = -2088*h + 2296. What is the remainder when 175 is divided by h?
11
Suppose 6858 = 4*g - 2*h, 5*g + 11*h = 13*h + 8575. What is the remainder when g is divided by 10?
7
Let y(s) = -s + 3. Let m be y(-6). Let d(n) = 1 + m*n**2 + 14*n + 11*n**2 + 8 - 21*n**2. Calculate the remainder when d(9) is divided by 11.
10
Let i = 856 + -495. Suppose -2016 = -28*b + 28. What is the remainder when i is divided by b?
69
Calculate the remainder when 3435 is divided by ((-1337)/(-14))/(15/30).
188
Suppose 2*j - 7*j = 45. Let i = 24 + j. Let s(n) = -n**3 + 29*n**2 - 252*n + 704. What is the remainder when s(8) is divided by i?
2
Suppose -476 = -4*h + 2*l, 125*h - 5*l = 128*h - 318. Calculate the remainder when h is divided by (-3 - 324/16)*(-8)/3.
54
Suppose 88*o = -94*o + 198*o - 1744. What is the remainder when 8718 is divided by o?
107
Suppose -2*q = -5*d + 100, -d - 16 + 13 = -5*q. Calculate the remainder when (-1 + 7)*(-76)/(-3) is divided by d.
20
Let o = 1804 + -1682. Calculate the remainder when o is divided by 16.
10
Suppose 12*s - 2508 = 1372 + 3248. What is the remainder when s is divided by 188?
30
Let p be (6 - (-78)/42) + 3/21. Suppose -3*c = p - 59. Calculate the remainder when 47 is divided by c.
13
Suppose -2*m + 240 = -8*m. Let b = 55 + m. Let u(l) = -21*l + 86. What is the remainder when u(2) is divided by b?
14
Suppose 11*z - 6*z - 2*b - 36 = 0, -24 = -2*z - 4*b. Let y be z/6*-1*(-45 + 18). Suppose 22*w - y = 18*w. What is the remainder when 68 is divided by w?
5
Suppose 33*q = -x + 37*q + 117, q = -3*x + 429. Let k(v) = 2*v - 7. Let u be k(5). Suppose -21 = -z - u. What is the remainder when x is divided by z?
15
Let v(h) = 65*h - 380. What is the remainder when 976 is divided by v(6)?
6
Suppose 4*a = -92 - 128. Suppose 290 = 5*h - 90. What is the remainder when h is divided by (-1420)/a - 8/(-44)?
24
Let m = 61 - 51. Let o(n) = -n**2 + 20*n + 5. Calculate the remainde